{"id":247,"date":"2025-05-03T00:57:02","date_gmt":"2025-05-03T00:57:02","guid":{"rendered":"http:\/\/serviagroguatemala.com\/?page_id=247"},"modified":"2025-07-17T01:13:39","modified_gmt":"2025-07-17T01:13:39","slug":"home","status":"publish","type":"page","link":"http:\/\/serviagroguatemala.com\/","title":{"rendered":"Home"},"content":{"rendered":"\t\t<div data-elementor-type=\"wp-page\" data-elementor-id=\"247\" class=\"elementor elementor-247\">\n\t\t\t\t<div class=\"has_eae_slider elementor-element elementor-element-29c8962 e-flex e-con-boxed e-con e-parent\" data-eae-slider=\"35003\" data-id=\"29c8962\" data-element_type=\"container\" data-settings=\"{&quot;background_background&quot;:&quot;classic&quot;}\">\n\t\t\t\t\t<div class=\"e-con-inner\">\n\t\t\t\t<div class=\"elementor-element elementor-element-5a1ef88 premium-nav-hor premium-nav-none premium-ham-dropdown elementor-widget elementor-widget-premium-nav-menu\" data-id=\"5a1ef88\" data-element_type=\"widget\" data-settings=\"{&quot;submenu_icon&quot;:{&quot;value&quot;:&quot;fas fa-angle-down&quot;,&quot;library&quot;:&quot;fa-solid&quot;},&quot;submenu_item_icon&quot;:{&quot;value&quot;:&quot;&quot;,&quot;library&quot;:&quot;&quot;}}\" data-widget_type=\"premium-nav-menu.default\">\n\t\t\t\t<div class=\"elementor-widget-container\">\n\t\t\t\t\t\t\t\t<div data-settings=\"{&quot;breakpoint&quot;:1024,&quot;mobileLayout&quot;:&quot;dropdown&quot;,&quot;mainLayout&quot;:&quot;hor&quot;,&quot;stretchDropdown&quot;:false,&quot;hoverEffect&quot;:&quot;&quot;,&quot;submenuEvent&quot;:&quot;hover&quot;,&quot;submenuTrigger&quot;:&quot;item&quot;,&quot;closeAfterClick&quot;:false,&quot;renderMobileMenu&quot;:true}\" class=\"premium-nav-widget-container premium-nav-pointer-none\" style=\"visibility:hidden; opacity:0;\">\r\n\t\t\t\t<div class=\"premium-ver-inner-container\">\r\n\t\t\t\t\t\t\t\t\t<div class=\"premium-hamburger-toggle premium-mobile-menu-icon\" role=\"button\" aria-label=\"Toggle Menu\">\r\n\t\t\t\t\t\t<span class=\"premium-toggle-text\">\r\n\t\t\t\t\t\t\t<i aria-hidden=\"true\" class=\"fas fa-bars\"><\/i>Menu\t\t\t\t\t\t<\/span>\r\n\t\t\t\t\t\t<span class=\"premium-toggle-close\">\r\n\t\t\t\t\t\t\t<i aria-hidden=\"true\" class=\"fas fa-times\"><\/i>Close\t\t\t\t\t\t<\/span>\r\n\t\t\t\t\t<\/div>\r\n\t\t\t\t\t\t\t\t\t\t\t\t<div class=\"premium-nav-menu-container premium-nav-default\">\r\n\t\t\t\t\t\t\t\t<ul id=\"menu-menu1\" class=\"premium-nav-menu premium-main-nav-menu\"><li id=\"premium-nav-menu-item-568\" class=\"menu-item menu-item-type-post_type menu-item-object-page menu-item-home premium-nav-menu-item\"><a href=\"http:\/\/serviagroguatemala.com\/\" class=\"premium-menu-link premium-menu-link-parent premium-lq__none\">Inicio<\/a><\/li>\n<li id=\"premium-nav-menu-item-552\" class=\"menu-item menu-item-type-post_type menu-item-object-page premium-nav-menu-item\"><a href=\"http:\/\/serviagroguatemala.com\/?page_id=392\" class=\"premium-menu-link premium-menu-link-parent premium-lq__none\">Nosotros<\/a><\/li>\n<li id=\"premium-nav-menu-item-570\" class=\"menu-item menu-item-type-post_type menu-item-object-page premium-nav-menu-item\"><a href=\"http:\/\/serviagroguatemala.com\/?page_id=432\" class=\"premium-menu-link premium-menu-link-parent premium-lq__none\">Cat\u00e1logo<\/a><\/li>\n<li id=\"premium-nav-menu-item-640\" class=\"menu-item menu-item-type-post_type menu-item-object-page premium-nav-menu-item\"><a href=\"http:\/\/serviagroguatemala.com\/?page_id=631\" class=\"premium-menu-link premium-menu-link-parent premium-lq__none\">Galer\u00eda<\/a><\/li>\n<li id=\"premium-nav-menu-item-639\" class=\"menu-item menu-item-type-post_type menu-item-object-page premium-nav-menu-item\"><a href=\"http:\/\/serviagroguatemala.com\/?page_id=637\" class=\"premium-menu-link premium-menu-link-parent premium-lq__none\">Contacto<\/a><\/li>\n<\/ul>\t\t\t\t\t\t\t<\/div>\r\n\t\t\t\t\t\t\t\t\t\t\t\t<div class=\"premium-mobile-menu-container\">\r\n\t\t\t\t\t\t\t\t\t\t\t\t\t\t\t\t<ul id=\"menu-menu1-1\" class=\"premium-mobile-menu premium-main-mobile-menu premium-main-nav-menu\"><li id=\"premium-nav-menu-item-5681\" class=\"menu-item menu-item-type-post_type menu-item-object-page menu-item-home premium-nav-menu-item\"><a href=\"http:\/\/serviagroguatemala.com\/\" class=\"premium-menu-link premium-menu-link-parent premium-lq__none\">Inicio<\/a><\/li>\n<li id=\"premium-nav-menu-item-5522\" class=\"menu-item menu-item-type-post_type menu-item-object-page premium-nav-menu-item\"><a href=\"http:\/\/serviagroguatemala.com\/?page_id=392\" class=\"premium-menu-link premium-menu-link-parent premium-lq__none\">Nosotros<\/a><\/li>\n<li id=\"premium-nav-menu-item-5703\" class=\"menu-item menu-item-type-post_type menu-item-object-page premium-nav-menu-item\"><a href=\"http:\/\/serviagroguatemala.com\/?page_id=432\" class=\"premium-menu-link premium-menu-link-parent premium-lq__none\">Cat\u00e1logo<\/a><\/li>\n<li id=\"premium-nav-menu-item-6404\" class=\"menu-item menu-item-type-post_type menu-item-object-page premium-nav-menu-item\"><a href=\"http:\/\/serviagroguatemala.com\/?page_id=631\" class=\"premium-menu-link premium-menu-link-parent premium-lq__none\">Galer\u00eda<\/a><\/li>\n<li id=\"premium-nav-menu-item-6395\" class=\"menu-item menu-item-type-post_type menu-item-object-page premium-nav-menu-item\"><a href=\"http:\/\/serviagroguatemala.com\/?page_id=637\" class=\"premium-menu-link premium-menu-link-parent premium-lq__none\">Contacto<\/a><\/li>\n<\/ul>\t\t\t\t\t\t\t\t\t\t\t\t\t\t\t<\/div>\r\n\t\t\t\t\t\t\t\t\t<\/div>\r\n\t\t\t<\/div>\r\n\t\t\t\t\t\t<\/div>\n\t\t\t\t<\/div>\n\t\t\t\t\t<\/div>\n\t\t\t\t<\/div>\n\t\t<div class=\"has_eae_slider elementor-element elementor-element-f5b1493 e-flex e-con-boxed e-con e-parent\" data-eae-slider=\"51406\" data-id=\"f5b1493\" data-element_type=\"container\" data-settings=\"{&quot;background_background&quot;:&quot;classic&quot;}\">\n\t\t\t\t\t<div class=\"e-con-inner\">\n\t\t\t\t<div class=\"elementor-element elementor-element-e1efb4e elementor-widget elementor-widget-html\" data-id=\"e1efb4e\" data-element_type=\"widget\" data-widget_type=\"html.default\">\n\t\t\t\t<div class=\"elementor-widget-container\">\n\t\t\t\t\t\r\n    <div id=\"amazingslider-wrapper-5\" style=\"display:block;position:relative;max-width:1200px;margin:0px auto 48px;\">\r\n        <div id=\"amazingslider-5\" style=\"display:block;position:relative;margin:0 auto;\">\r\n            <ul class=\"amazingslider-slides\" style=\"display:none;\">\r\n                <li><img decoding=\"async\" src=\"http:\/\/serviagroguatemala.com\/wp-content\/uploads\/amazingslider\/5\/images\/aniversario-final1.jpg\" \/>\r\n                <\/li>\r\n                <li><img decoding=\"async\" src=\"http:\/\/serviagroguatemala.com\/wp-content\/uploads\/amazingslider\/5\/images\/aniversario-final2.jpg\" \/>\r\n                <\/li>\r\n                <li><img decoding=\"async\" src=\"http:\/\/serviagroguatemala.com\/wp-content\/uploads\/amazingslider\/5\/images\/asesoria-tecnica.jpg\" \/>\r\n                <\/li>\r\n                <li><img decoding=\"async\" src=\"http:\/\/serviagroguatemala.com\/wp-content\/uploads\/amazingslider\/5\/images\/nutricion.jpg\" \/>\r\n                <\/li>\r\n                <li><img decoding=\"async\" src=\"http:\/\/serviagroguatemala.com\/wp-content\/uploads\/amazingslider\/5\/images\/productos.jpg\" \/>\r\n                <\/li>\r\n            <\/ul>\r\n            <ul class=\"amazingslider-thumbnails\" style=\"display:none;\">\r\n                <li><img decoding=\"async\" src=\"http:\/\/serviagroguatemala.com\/wp-content\/uploads\/amazingslider\/5\/images\/thumbnails\/aniversario-final1-tn.jpg\" \/><\/li>\r\n                <li><img decoding=\"async\" src=\"http:\/\/serviagroguatemala.com\/wp-content\/uploads\/amazingslider\/5\/images\/thumbnails\/aniversario-final2-tn.jpg\" \/><\/li>\r\n                <li><img decoding=\"async\" src=\"http:\/\/serviagroguatemala.com\/wp-content\/uploads\/amazingslider\/5\/images\/thumbnails\/asesoria-tecnica-tn.jpg\" \/><\/li>\r\n                <li><img decoding=\"async\" src=\"http:\/\/serviagroguatemala.com\/wp-content\/uploads\/amazingslider\/5\/images\/thumbnails\/nutricion-tn.jpg\" \/><\/li>\r\n                <li><img decoding=\"async\" src=\"http:\/\/serviagroguatemala.com\/wp-content\/uploads\/amazingslider\/5\/images\/thumbnails\/productos-tn.jpg\" \/><\/li>\r\n            <\/ul>\r\n        <\/div>\r\n    <\/div>\r\n    <link rel=\"stylesheet\" type=\"text\/css\" href=\"http:\/\/serviagroguatemala.com\/wp-content\/uploads\/amazingslider\/5\/sliderengine\/amazingslider.css\">\n<script src=\"http:\/\/serviagroguatemala.com\/wp-content\/uploads\/amazingslider\/5\/sliderengine\/initslider.js\"><\/script>\n\t\t\t\t<\/div>\n\t\t\t\t<\/div>\n\t\t\t\t\t<\/div>\n\t\t\t\t<\/div>\n\t\t<div class=\"has_eae_slider elementor-element elementor-element-c3191d5 e-flex e-con-boxed e-con e-parent\" data-eae-slider=\"39820\" data-id=\"c3191d5\" data-element_type=\"container\" data-settings=\"{&quot;background_background&quot;:&quot;classic&quot;}\">\n\t\t\t\t\t<div class=\"e-con-inner\">\n\t\t\t\t<div class=\"elementor-element elementor-element-641a2a2 elementor-widget elementor-widget-heading\" data-id=\"641a2a2\" data-element_type=\"widget\" data-widget_type=\"heading.default\">\n\t\t\t\t<div class=\"elementor-widget-container\">\n\t\t\t\t\t<h2 class=\"elementor-heading-title elementor-size-default\">\u00a1Bienvenidos a Serviagro!<\/h2>\t\t\t\t<\/div>\n\t\t\t\t<\/div>\n\t\t\t\t\t<\/div>\n\t\t\t\t<\/div>\n\t\t<div class=\"has_eae_slider elementor-element elementor-element-9a9f6a1 e-flex e-con-boxed e-con e-parent\" data-eae-slider=\"72895\" data-id=\"9a9f6a1\" data-element_type=\"container\" data-settings=\"{&quot;background_background&quot;:&quot;classic&quot;}\">\n\t\t\t\t\t<div class=\"e-con-inner\">\n\t\t\t\t<div class=\"elementor-element elementor-element-ae00030 elementor-widget elementor-widget-text-editor\" data-id=\"ae00030\" data-element_type=\"widget\" data-widget_type=\"text-editor.default\">\n\t\t\t\t<div class=\"elementor-widget-container\">\n\t\t\t\t\t\t\t\t\t<p style=\"text-align: justify;\"><span style=\"font-size: 14pt;\">En Serviagro nos enorgullece servir al campo guatemalteco desde hace m\u00e1s de 25 a\u00f1os, ofreciendo productos agroqu\u00edmicos de calidad respaldados por marcas reconocidas a nivel internacional. Nuestra pasi\u00f3n es la agricultura, y nuestro compromiso es brindarle a cada productor el respaldo t\u00e9cnico que necesita para cuidar la salud de sus cultivos y obtener mejores resultados.<\/span><\/p><p style=\"text-align: justify;\"><span style=\"font-size: 14pt;\">Contamos con un equipo capacitado que brinda asesor\u00eda personalizada en campo, diagn\u00f3stico, an\u00e1lisis y recomendaciones eficaces, siempre con un enfoque responsable e innovador. Porque sabemos que el \u00e9xito de la cosecha empieza con un buen acompa\u00f1amiento.<\/span><\/p><p style=\"text-align: justify;\"><span style=\"font-size: 14pt;\">Gracias por confiar en nosotros. \u00a1Estamos aqu\u00ed para crecer con usted!<\/span><\/p>\t\t\t\t\t\t\t\t<\/div>\n\t\t\t\t<\/div>\n\t\t\t\t\t<\/div>\n\t\t\t\t<\/div>\n\t\t<div class=\"has_eae_slider elementor-element elementor-element-bf450fb e-flex e-con-boxed e-con e-parent\" data-eae-slider=\"90698\" data-id=\"bf450fb\" data-element_type=\"container\">\n\t\t\t\t\t<div class=\"e-con-inner\">\n\t\t<div class=\"has_eae_slider elementor-element elementor-element-f449981 e-con-full e-flex e-con e-child\" data-eae-slider=\"37462\" data-id=\"f449981\" data-element_type=\"container\">\n\t\t\t\t<div class=\"elementor-element elementor-element-bf93694 elementor-widget elementor-widget-image\" data-id=\"bf93694\" data-element_type=\"widget\" data-widget_type=\"image.default\">\n\t\t\t\t<div class=\"elementor-widget-container\">\n\t\t\t\t\t\t\t\t\t\t\t\t\t\t\t\t<a href=\"http:\/\/serviagroguatemala.com\/?page_id=637\">\n\t\t\t\t\t\t\t<img decoding=\"async\" width=\"161\" height=\"161\" src=\"https:\/\/serviagroguatemala.com\/wp-content\/uploads\/2025\/06\/logo-contacto.jpg\" class=\"elementor-animation-grow attachment-large size-large wp-image-379\" alt=\"contacto\" srcset=\"https:\/\/serviagroguatemala.com\/wp-content\/uploads\/2025\/06\/logo-contacto.jpg 161w, https:\/\/serviagroguatemala.com\/wp-content\/uploads\/2025\/06\/logo-contacto-150x150.jpg 150w\" sizes=\"(max-width: 161px) 100vw, 161px\" \/>\t\t\t\t\t\t\t\t<\/a>\n\t\t\t\t\t\t\t\t\t\t\t\t\t\t\t<\/div>\n\t\t\t\t<\/div>\n\t\t\t\t<div class=\"elementor-element elementor-element-d9659b2 elementor-widget elementor-widget-text-editor\" data-id=\"d9659b2\" data-element_type=\"widget\" data-widget_type=\"text-editor.default\">\n\t\t\t\t<div class=\"elementor-widget-container\">\n\t\t\t\t\t\t\t\t\t<p style=\"text-align: center;\">CONTACTO<\/p>\t\t\t\t\t\t\t\t<\/div>\n\t\t\t\t<\/div>\n\t\t\t\t<\/div>\n\t\t<div class=\"has_eae_slider elementor-element elementor-element-dfba612 e-con-full e-flex e-con e-child\" data-eae-slider=\"40165\" data-id=\"dfba612\" data-element_type=\"container\">\n\t\t\t\t<div class=\"elementor-element elementor-element-974abf9 elementor-widget elementor-widget-image\" data-id=\"974abf9\" data-element_type=\"widget\" data-widget_type=\"image.default\">\n\t\t\t\t<div class=\"elementor-widget-container\">\n\t\t\t\t\t\t\t\t\t\t\t\t\t\t\t\t<a href=\"https:\/\/www.facebook.com\/serviagroguatemala1\/\" target=\"_blank\">\n\t\t\t\t\t\t\t<img decoding=\"async\" width=\"161\" height=\"161\" src=\"https:\/\/serviagroguatemala.com\/wp-content\/uploads\/2025\/06\/logo-fb.jpg\" class=\"elementor-animation-grow attachment-large size-large wp-image-380\" alt=\"facebook\" srcset=\"https:\/\/serviagroguatemala.com\/wp-content\/uploads\/2025\/06\/logo-fb.jpg 161w, https:\/\/serviagroguatemala.com\/wp-content\/uploads\/2025\/06\/logo-fb-150x150.jpg 150w\" sizes=\"(max-width: 161px) 100vw, 161px\" \/>\t\t\t\t\t\t\t\t<\/a>\n\t\t\t\t\t\t\t\t\t\t\t\t\t\t\t<\/div>\n\t\t\t\t<\/div>\n\t\t\t\t<div class=\"elementor-element elementor-element-1013922 elementor-widget elementor-widget-text-editor\" data-id=\"1013922\" data-element_type=\"widget\" data-widget_type=\"text-editor.default\">\n\t\t\t\t<div class=\"elementor-widget-container\">\n\t\t\t\t\t\t\t\t\t<p style=\"text-align: center;\">S\u00cdGUENOS<\/p>\t\t\t\t\t\t\t\t<\/div>\n\t\t\t\t<\/div>\n\t\t\t\t<\/div>\n\t\t<div class=\"has_eae_slider elementor-element elementor-element-c366ffd e-con-full e-flex e-con e-child\" data-eae-slider=\"38628\" data-id=\"c366ffd\" data-element_type=\"container\">\n\t\t\t\t<div class=\"elementor-element elementor-element-135234e elementor-widget elementor-widget-image\" data-id=\"135234e\" data-element_type=\"widget\" data-widget_type=\"image.default\">\n\t\t\t\t<div class=\"elementor-widget-container\">\n\t\t\t\t\t\t\t\t\t\t\t\t\t\t\t\t<a href=\"http:\/\/serviagroguatemala.com\/?page_id=631\">\n\t\t\t\t\t\t\t<img decoding=\"async\" width=\"161\" height=\"161\" src=\"https:\/\/serviagroguatemala.com\/wp-content\/uploads\/2025\/06\/logo-galeria.jpg\" class=\"elementor-animation-grow attachment-large size-large wp-image-381\" alt=\"galeria\" srcset=\"https:\/\/serviagroguatemala.com\/wp-content\/uploads\/2025\/06\/logo-galeria.jpg 161w, https:\/\/serviagroguatemala.com\/wp-content\/uploads\/2025\/06\/logo-galeria-150x150.jpg 150w\" sizes=\"(max-width: 161px) 100vw, 161px\" \/>\t\t\t\t\t\t\t\t<\/a>\n\t\t\t\t\t\t\t\t\t\t\t\t\t\t\t<\/div>\n\t\t\t\t<\/div>\n\t\t\t\t<div class=\"elementor-element elementor-element-a311083 elementor-widget elementor-widget-text-editor\" data-id=\"a311083\" data-element_type=\"widget\" data-widget_type=\"text-editor.default\">\n\t\t\t\t<div class=\"elementor-widget-container\">\n\t\t\t\t\t\t\t\t\t<p style=\"text-align: center;\">GALER\u00cdA<\/p>\t\t\t\t\t\t\t\t<\/div>\n\t\t\t\t<\/div>\n\t\t\t\t<\/div>\n\t\t\t\t\t<\/div>\n\t\t\t\t<\/div>\n\t\t<div class=\"has_eae_slider elementor-element elementor-element-d5bc231 e-flex e-con-boxed e-con e-parent\" data-eae-slider=\"27920\" data-id=\"d5bc231\" data-element_type=\"container\" data-settings=\"{&quot;background_background&quot;:&quot;classic&quot;}\">\n\t\t\t\t\t<div class=\"e-con-inner\">\n\t\t\t\t\t<\/div>\n\t\t\t\t<\/div>\n\t\t<div class=\"has_eae_slider elementor-element elementor-element-b827d61 e-flex e-con-boxed e-con e-parent\" data-eae-slider=\"98541\" data-id=\"b827d61\" data-element_type=\"container\">\n\t\t\t\t\t<div class=\"e-con-inner\">\n\t\t\t\t<div class=\"elementor-element elementor-element-f5e33bb elementor-widget elementor-widget-heading\" data-id=\"f5e33bb\" data-element_type=\"widget\" data-widget_type=\"heading.default\">\n\t\t\t\t<div class=\"elementor-widget-container\">\n\t\t\t\t\t<h2 class=\"elementor-heading-title elementor-size-default\">Nuestras Marcas<\/h2>\t\t\t\t<\/div>\n\t\t\t\t<\/div>\n\t\t\t\t\t<\/div>\n\t\t\t\t<\/div>\n\t\t<div class=\"has_eae_slider elementor-element elementor-element-9f4d6d6 e-flex e-con-boxed e-con e-parent\" data-eae-slider=\"89367\" data-id=\"9f4d6d6\" data-element_type=\"container\">\n\t\t\t\t\t<div class=\"e-con-inner\">\n\t\t<div class=\"has_eae_slider elementor-element elementor-element-d893df3 e-con-full e-flex e-con e-child\" data-eae-slider=\"34215\" data-id=\"d893df3\" data-element_type=\"container\">\n\t\t\t\t<div class=\"elementor-element elementor-element-12e7b2c elementor-widget elementor-widget-image\" data-id=\"12e7b2c\" data-element_type=\"widget\" data-widget_type=\"image.default\">\n\t\t\t\t<div class=\"elementor-widget-container\">\n\t\t\t\t\t\t\t\t\t\t\t\t\t\t\t<img loading=\"lazy\" decoding=\"async\" width=\"150\" height=\"149\" src=\"https:\/\/serviagroguatemala.com\/wp-content\/uploads\/2025\/06\/lg-intrakam2.jpg\" class=\"attachment-large size-large wp-image-476\" alt=\"Intrakam\" \/>\t\t\t\t\t\t\t\t\t\t\t\t\t\t\t<\/div>\n\t\t\t\t<\/div>\n\t\t\t\t<\/div>\n\t\t<div class=\"has_eae_slider elementor-element elementor-element-5f805c3 e-con-full e-flex e-con e-child\" data-eae-slider=\"90940\" data-id=\"5f805c3\" data-element_type=\"container\">\n\t\t\t\t<div class=\"elementor-element elementor-element-3f3833a elementor-widget elementor-widget-image\" data-id=\"3f3833a\" data-element_type=\"widget\" data-widget_type=\"image.default\">\n\t\t\t\t<div class=\"elementor-widget-container\">\n\t\t\t\t\t\t\t\t\t\t\t\t\t\t\t<img loading=\"lazy\" decoding=\"async\" width=\"150\" height=\"149\" src=\"https:\/\/serviagroguatemala.com\/wp-content\/uploads\/2025\/06\/lg-growmore2.jpg\" class=\"attachment-large size-large wp-image-478\" alt=\"growmore\" \/>\t\t\t\t\t\t\t\t\t\t\t\t\t\t\t<\/div>\n\t\t\t\t<\/div>\n\t\t\t\t<\/div>\n\t\t<div class=\"has_eae_slider elementor-element elementor-element-47d5ab8 e-con-full e-flex e-con e-child\" data-eae-slider=\"27929\" data-id=\"47d5ab8\" data-element_type=\"container\">\n\t\t\t\t<div class=\"elementor-element elementor-element-9b07663 elementor-widget elementor-widget-image\" data-id=\"9b07663\" data-element_type=\"widget\" data-widget_type=\"image.default\">\n\t\t\t\t<div class=\"elementor-widget-container\">\n\t\t\t\t\t\t\t\t\t\t\t\t\t\t\t<img loading=\"lazy\" decoding=\"async\" width=\"150\" height=\"149\" src=\"https:\/\/serviagroguatemala.com\/wp-content\/uploads\/2025\/06\/lg-laquinsa2.jpg\" class=\"attachment-large size-large wp-image-479\" alt=\"laquinsa\" \/>\t\t\t\t\t\t\t\t\t\t\t\t\t\t\t<\/div>\n\t\t\t\t<\/div>\n\t\t\t\t<\/div>\n\t\t<div class=\"has_eae_slider elementor-element elementor-element-746e0ad e-con-full e-flex e-con e-child\" data-eae-slider=\"82961\" data-id=\"746e0ad\" data-element_type=\"container\">\n\t\t\t\t<div class=\"elementor-element elementor-element-eb7559f elementor-widget elementor-widget-image\" data-id=\"eb7559f\" data-element_type=\"widget\" data-widget_type=\"image.default\">\n\t\t\t\t<div class=\"elementor-widget-container\">\n\t\t\t\t\t\t\t\t\t\t\t\t\t\t\t<img loading=\"lazy\" decoding=\"async\" width=\"150\" height=\"149\" src=\"https:\/\/serviagroguatemala.com\/wp-content\/uploads\/2025\/06\/lg-agrohao2.jpg\" class=\"attachment-large size-large wp-image-481\" alt=\"agrohao\" \/>\t\t\t\t\t\t\t\t\t\t\t\t\t\t\t<\/div>\n\t\t\t\t<\/div>\n\t\t\t\t<\/div>\n\t\t\t\t\t<\/div>\n\t\t\t\t<\/div>\n\t\t<div class=\"has_eae_slider elementor-element elementor-element-0a7279d e-flex e-con-boxed e-con e-parent\" data-eae-slider=\"89031\" data-id=\"0a7279d\" data-element_type=\"container\" data-settings=\"{&quot;background_background&quot;:&quot;classic&quot;}\">\n\t\t\t\t\t<div class=\"e-con-inner\">\n\t\t\t\t<div class=\"elementor-element elementor-element-268ffdb elementor-widget elementor-widget-text-editor\" data-id=\"268ffdb\" data-element_type=\"widget\" data-widget_type=\"text-editor.default\">\n\t\t\t\t<div class=\"elementor-widget-container\">\n\t\t\t\t\t\t\t\t\t<p style=\"text-align: center;\">\u00a9 Copyright 2024 &#8211; www.serviagroguatemala.com &#8211; All Rights Reserved<\/p>\t\t\t\t\t\t\t\t<\/div>\n\t\t\t\t<\/div>\n\t\t\t\t\t<\/div>\n\t\t\t\t<\/div>\n\t\t<div class=\"has_eae_slider elementor-element elementor-element-65efcae e-flex e-con-boxed e-con e-parent\" data-eae-slider=\"34506\" data-id=\"65efcae\" data-element_type=\"container\">\n\t\t\t\t\t<div class=\"e-con-inner\">\n\t\t\t\t\t<\/div>\n\t\t\t\t<\/div>\n\t\t\t\t<\/div>\n\t\t","protected":false},"excerpt":{"rendered":"<p>Menu Close Inicio Nosotros Cat\u00e1logo Galer\u00eda Contacto Inicio Nosotros Cat\u00e1logo Galer\u00eda Contacto \u00a1Bienvenidos a Serviagro! En Serviagro nos enorgullece servir al campo guatemalteco desde hace m\u00e1s de 25 a\u00f1os, ofreciendo productos agroqu\u00edmicos de calidad respaldados por marcas reconocidas a nivel internacional. Nuestra pasi\u00f3n es la agricultura, y nuestro compromiso es brindarle a cada productor el [&hellip;]<\/p>\n","protected":false},"author":1,"featured_media":0,"parent":0,"menu_order":0,"comment_status":"closed","ping_status":"closed","template":"elementor_canvas","meta":{"footnotes":"","_links_to":"","_links_to_target":""},"class_list":["post-247","page","type-page","status-publish","hentry"],"_links":{"self":[{"href":"http:\/\/serviagroguatemala.com\/index.php?rest_route=\/wp\/v2\/pages\/247","targetHints":{"allow":["GET"]}}],"collection":[{"href":"http:\/\/serviagroguatemala.com\/index.php?rest_route=\/wp\/v2\/pages"}],"about":[{"href":"http:\/\/serviagroguatemala.com\/index.php?rest_route=\/wp\/v2\/types\/page"}],"author":[{"embeddable":true,"href":"http:\/\/serviagroguatemala.com\/index.php?rest_route=\/wp\/v2\/users\/1"}],"replies":[{"embeddable":true,"href":"http:\/\/serviagroguatemala.com\/index.php?rest_route=%2Fwp%2Fv2%2Fcomments&post=247"}],"version-history":[{"count":238,"href":"http:\/\/serviagroguatemala.com\/index.php?rest_route=\/wp\/v2\/pages\/247\/revisions"}],"predecessor-version":[{"id":829,"href":"http:\/\/serviagroguatemala.com\/index.php?rest_route=\/wp\/v2\/pages\/247\/revisions\/829"}],"wp:attachment":[{"href":"http:\/\/serviagroguatemala.com\/index.php?rest_route=%2Fwp%2Fv2%2Fmedia&parent=247"}],"curies":[{"name":"wp","href":"https:\/\/api.w.org\/{rel}","templated":true}]}}